 2648668?
2
What is the tens digit of 84857?
5
What is the tens digit of 286039?
3
What is the millions digit of 7636306?
7
What is the tens digit of 330417?
1
What is the hundreds digit of 373797?
7
What is the thousands digit of 31959?
1
What is the hundreds digit of 2588478?
4
What is the hundred thousands digit of 242014?
2
What is the hundreds digit of 2691052?
0
What is the ten thousands digit of 8881032?
8
What is the units digit of 431845?
5
What is the units digit of 4010546?
6
What is the hundreds digit of 1725324?
3
What is the hundred thousands digit of 745964?
7
What is the units digit of 267637?
7
What is the millions digit of 3124727?
3
What is the units digit of 575118?
8
What is the thousands digit of 274412?
4
What is the hundred thousands digit of 1972036?
9
What is the thousands digit of 54894?
4
What is the ten thousands digit of 327830?
2
What is the hundred thousands digit of 230663?
2
What is the hundreds digit of 1699147?
1
What is the hundreds digit of 19006047?
0
What is the units digit of 4910498?
8
What is the ten thousands digit of 16398431?
9
What is the thousands digit of 194529?
4
What is the ten thousands digit of 336777?
3
What is the units digit of 139308?
8
What is the tens digit of 4103320?
2
What is the hundred thousands digit of 15073397?
0
What is the tens digit of 747549?
4
What is the units digit of 1452610?
0
What is the hundred thousands digit of 1087068?
0
What is the ten millions digit of 10807779?
1
What is the thousands digit of 20080757?
0
What is the hundred thousands digit of 3768122?
7
What is the hundreds digit of 284438?
4
What is the units digit of 3687412?
2
What is the thousands digit of 344491?
4
What is the tens digit of 913234?
3
What is the tens digit of 386406?
0
What is the ten thousands digit of 31909807?
0
What is the millions digit of 5147865?
5
What is the hundreds digit of 1936062?
0
What is the ten millions digit of 14954045?
1
What is the tens digit of 852814?
1
What is the ten thousands digit of 76949?
7
What is the tens digit of 18462679?
7
What is the units digit of 770946?
6
What is the ten thousands digit of 1358079?
5
What is the units digit of 9133110?
0
What is the hundreds digit of 921800?
8
What is the tens digit of 134325?
2
What is the tens digit of 7588647?
4
What is the millions digit of 3022581?
3
What is the ten thousands digit of 165833?
6
What is the tens digit of 247631?
3
What is the millions digit of 3000052?
3
What is the thousands digit of 593941?
3
What is the tens digit of 1499693?
9
What is the thousands digit of 821087?
1
What is the thousands digit of 246987?
6
What is the hundred thousands digit of 11224692?
2
What is the hundreds digit of 13191937?
9
What is the hundreds digit of 65388?
3
What is the hundred thousands digit of 486232?
4
What is the thousands digit of 347891?
7
What is the hundred thousands digit of 5148307?
1
What is the hundreds digit of 151106?
1
What is the ten thousands digit of 4487583?
8
What is the hundreds digit of 14753101?
1
What is the millions digit of 4993103?
4
What is the thousands digit of 635992?
5
What is the units digit of 5832414?
4
What is the tens digit of 1209022?
2
What is the tens digit of 85557?
5
What is the tens digit of 8961192?
9
What is the thousands digit of 180119?
0
What is the ten thousands digit of 63951?
6
What is the hundred thousands digit of 1178007?
1
What is the ten thousands digit of 143200?
4
What is the thousands digit of 26663?
6
What is the thousands digit of 3451323?
1
What is the tens digit of 185096?
9
What is the hundreds digit of 263800?
8
What is the thousands digit of 637780?
7
What is the tens digit of 219606?
0
What is the units digit of 130516?
6
What is the units digit of 19071412?
2
What is the ten thousands digit of 1078289?
7
What is the ten millions digit of 43255119?
4
What is the ten thousands digit of 396827?
9
What is the millions digit of 1561354?
1
What is the millions digit of 1624570?
1
What is the tens digit of 4114994?
9
What is the thousands digit of 9956799?
6
What is the thousands digit of 254504?
4
What is the tens digit of 6746?
4
What is the hundreds digit of 691721?
7
What is the thousands digit of 84199?
4
What is the tens digit of 4408385?
8
What is the hundred thousands digit of 1697322?
6
What is the ten thousands digit of 108263?
0
What is the hundreds digit of 15274404?
4
What is the ten thousands digit of 728112?
2
What is the millions digit of 1218206?
1
What is the ten thousands digit of 759441?
5
What is the ten thousands digit of 4507023?
0
What is the thousands digit of 79792?
9
What is the thousands digit of 3094160?
4
What is the millions digit of 1304305?
1
What is the units digit of 233816?
6
What is the hundred thousands digit of 6868756?
8
What is the thousands digit of 23704948?
4
What is the hundreds digit of 512888?
8
What is the thousands digit of 839330?
9
What is the ten thousands digit of 1592458?
9
What is the ten thousands digit of 3576583?
7
What is the units digit of 1782023?
3
What is the units digit of 745082?
2
What is the thousands digit of 938870?
8
What is the tens digit of 10259319?
1
What is the tens digit of 25607523?
2
What is the hundred thousands digit of 5699715?
6
What is the hundred thousands digit of 297866?
2
What is the thousands digit of 68958?
8
What is the ten millions digit of 16521294?
1
What is the units digit of 1248901?
1
What is the thousands digit of 2357824?
7
What is the tens digit of 1518748?
4
What is the thousands digit of 5120162?
0
What is the units digit of 7772865?
5
What is the hundreds digit of 822933?
9
What is the hundred thousands digit of 1255725?
2
What is the hundred thousands digit of 2823656?
8
What is the thousands digit of 10852680?
2
What is the hundreds digit of 573964?
9
What is the hundreds digit of 4635580?
5
What is the tens digit of 3919376?
7
What is the units digit of 4766200?
0
What is the units digit of 1662954?
4
What is the ten thousands digit of 42711?
4
What is the tens digit of 1717120?
2
What is the units digit of 286481?
1
What is the thousands digit of 1252850?
2
What is the thousands digit of 1201400?
1
What is the hundred thousands digit of 114050?
1
What is the ten thousands digit of 505899?
0
What is the hundreds digit of 345073?
0
What is the units digit of 31674116?
6
What is the ten thousands digit of 234074?
3
What is the units digit of 1424258?
8
What is the thousands digit of 143873?
3
What is the tens digit of 1899509?
0
What is the tens digit of 730762?
6
What is the tens digit of 691172?
7
What is the tens digit of 243275?
7
What is the hundreds digit of 628325?
3
What is the hundred thousands digit of 1285808?
2
What is the tens digit of 731306?
0
What is the thousands digit of 1469965?
9
What is the hundreds digit of 9448001?
0
What is the hundred thousands digit of 102372?
1
What is the units digit of 3260688?
8
What is the ten thousands digit of 952372?
5
What is the thousands digit of 2353008?
3
What is the millions digit of 6233318?
6
What is the ten millions digit of 12383027?
1
What is the hundreds digit of 744772?
7
What is the tens digit of 38383?
8
What is the hundreds digit of 3027074?
0
What is the tens digit of 1500705?
0
What is the millions digit of 2526507?
2
What is the units digit of 8321578?
8
What is the ten thousands digit of 154279?
5
What is the ten thousands digit of 32585593?
8
What is the millions digit of 7232467?
7
What is the thousands digit of 9603?
9
What is the hundreds digit of 4344166?
1
What is the thousands digit of 1165394?
5
What is the millions digit of 6218739?
6
What is the hundreds digit of 427865?
8
What is the thousands digit of 3883279?
3
What is the millions digit of 2404782?
2
What is the tens digit of 4152813?
1
What is the units digit of 476226?
6
What is the tens digit of 159254?
5
What is the hundred thousands digit of 892158?
8
What is the thousands digit of 29762?
9
What is the tens digit of 1159118?
1
What is the tens digit of 245168?
6
What is the thousands digit of 414130?
4
What is the ten thousands digit of 3352181?
5
What is the hundreds digit of 6269279?
2
What is the hundreds digit of 16649810?
8
What is the hundred thousands digit of 24028903?
0
What is the thousands digit of